ose t + 3 = 0, -4*w + b = t - 41. What is the greatest common divisor of w and f?
23
Let x = -1472 + 522. Let f = -663 - x. What is the greatest common divisor of f and 82?
41
Let d = 9156 - 8068. What is the greatest common factor of d and 476?
68
Let j = -21 - -25. Suppose 0 = j*l + c - 2*c + 29, -4*c = -2*l - 18. Let y be l/28 - 303/(-12). What is the greatest common divisor of y and 25?
25
Let j be -2 + 3 - -11 - 0. Let n = 155 - -37. Calculate the greatest common divisor of n and j.
12
Suppose 2331*r = 2284*r + 1504. Let j be ((-13)/(-2))/(1/32). Calculate the greatest common divisor of r and j.
16
Let a = -143 - -143. Let g be (2208/10 - a) + 2/10. What is the highest common factor of 17 and g?
17
Let b = 35053 - 34342. What is the greatest common factor of b and 3397?
79
Let b be (-6 - 0)*1309/(-34). Let h(q) = 2*q**3 - 19*q**2 + 15*q - 21. Let c be h(9). What is the greatest common factor of c and b?
33
Let f = 65 + -72. Let w be (-1)/(f/7 + (-100)/(-102)). Let r be 80/(-15)*(-4)/(16/w). Calculate the greatest common divisor of 51 and r.
17
Let c(f) = -41*f + 881. Let d be c(17). What is the greatest common divisor of d and 56?
8
Suppose 0 = 3*g + 3*c - 36, 0 = -4*g + c + 3*c + 48. Let u = 281 + -277. What is the highest common divisor of u and g?
4
Let n = 14094 - 14073. Let v(u) = -4 + 4 + 105*u**2. Let g be v(1). What is the highest common divisor of g and n?
21
Suppose 0 = -s - 4*s + 15. Suppose 4*t + s - 11 = 0. Let p be ((-258)/(-43))/(6/14). What is the greatest common factor of p and t?
2
Let x = 23621 - 23516. What is the highest common factor of 2505 and x?
15
Suppose 0 = 7*k + 9106 - 15035. What is the greatest common factor of k and 231?
77
Let c = -30 + 129. What is the greatest common factor of 7821 and c?
99
Let k(n) = 6*n**3 + 64*n**2 + 9*n + 12. Let c be k(-9). Calculate the highest common factor of c and 1677.
39
Suppose 0 = -2*p - 3*h + h - 4, p + 3*h + 6 = 0. Suppose -12*w - 3*w + 465 = p. What is the greatest common factor of w and 124?
31
Let x = -84 + 184. Let b = 813 - 929. Let n = b - -141. What is the greatest common divisor of n and x?
25
Let g = -11436 - -19644. Calculate the highest common divisor of g and 76.
76
Let b be 130 + -8 + 4 + -18. Calculate the highest common divisor of 2532 and b.
12
Let b be (1 + 1770/20)*(-2)/(-1). Let w = b - 165. What is the highest common factor of w and 448?
14
Suppose u + g = 8, -7*u = -6*u + 5*g - 24. Let z be -16*(-2)/(-4)*5. Let a = u - z. What is the highest common factor of a and 22?
22
Let l be (35/(-4))/(20/(-720)). Let y be 4/10 + 2/(-5) + l. Suppose 4*b - 4*c - 170 = -2*c, 0 = 4*b - 3*c - 165. What is the greatest common divisor of b and y?
45
Let h(j) be the third derivative of -5*j**4/24 + j**3/6 - 26*j**2. Suppose 2*m + 0 = -4. Let q be h(m). What is the greatest common factor of 1 and q?
1
Let i be (110/20)/((-2)/(-4)). Suppose 11*s - 12*s - 145 = 3*g, 110 = -s + 4*g. Let k = 229 + s. What is the greatest common factor of i and k?
11
Suppose -n + 2*n + 4 = 0. Let u be (-313)/n + (-2)/8. Let f(o) = 6*o**2 + 918*o + 964. Let l be f(-152). Calculate the highest common factor of u and l.
26
Suppose y - 4*s = 23, 13*s - 94 = -2*y + 9*s. What is the highest common divisor of 42 and y?
3
Let q be (-1870260)/(-630) - (-8)/6. What is the greatest common divisor of 12 and q?
6
Suppose -6*o + 7 + 17 = 0. Suppose 4*p - o - 12 = 0. Suppose p = 4*w - d, 4 = 4*w - 0*d + d. What is the highest common divisor of w and 11?
1
Let x = 8 + 2. Let k(o) = -9 + o**2 - 3 + 3*o + 6*o + 10. Let q be k(-16). Calculate the highest common divisor of q and x.
10
Suppose 8*i + 623 = 22*i + 497. Let s = -3 - -4. What is the highest common factor of i and s?
1
Suppose -378*u + 1206*u - 141588 = 0. Let z(d) = -4*d**3 - 2*d**2 - d. Let c be z(-1). Suppose -k + c = -6. Calculate the highest common divisor of k and u.
9
Let m(v) = 3*v - 3. Let g be m(4). Suppose -5*z + 10 = w - 7, 8 = -4*z. Let y = w + g. What is the highest common divisor of 9 and y?
9
Let j = -94 + 40. Let a = 33 - j. Let m(u) = u**2 - 6*u + 2. Let w be m(9). What is the greatest common divisor of w and a?
29
Let d be 8 + 282/(-36) + (-299)/(-6). Calculate the greatest common divisor of 150 and d.
50
Suppose -4*z + 744 = 3*a, -926 - 91 = -4*a + 3*z. Let x = 83040 - 83031. What is the greatest common factor of a and x?
9
Let n = 79761 - 56386. What is the greatest common divisor of 17 and n?
17
Let q be 10/(-25) + (-83)/5. Let s = q - -46. Let u be (-3)/(-4)*(-6 + (120 - -2)). Calculate the greatest common factor of s and u.
29
Suppose t - 1408 = 11*t - 3168. Calculate the greatest common divisor of t and 627.
11
Suppose 456*u - 2101 + 841 = 421*u. Calculate the greatest common divisor of 25884 and u.
36
Let l(q) = -q**3 - 5*q**2 - 6*q + 12. Let y be l(-8). Let j be (-8)/3*y/(-24). What is the highest common factor of 28 and j?
28
Suppose -2*n - 5*j + 12 = -n, 3*n + 4 = 5*j. Suppose -n*i - 5*o = -357, 2*i - 173 = i + 3*o. Calculate the highest common factor of 33 and i.
11
Let g = -175 - -169. Let l be (-1 - g/1) + 68. What is the greatest common divisor of l and 219?
73
Let y(n) = n**2 - 33*n + 347. Let b be y(31). What is the highest common factor of 399 and b?
57
Let i be -1 + 6/2 + 0. Suppose -i*o = o - 15. Let h = 1088 + -1068. Calculate the greatest common divisor of o and h.
5
Suppose 9*w + 574 - 7 = 0. Suppose 0 = -4*o + 1 - 5. Let b be w*o*(-1)/(-3). What is the highest common factor of 42 and b?
21
Suppose -1650 = -8104*n + 8094*n. What is the highest common factor of 480 and n?
15
Suppose -g - 1 = 0, 3*c + 3*g + 0*g - 9 = 0. Let i be 2*c/((-8)/(-10)). Suppose p = -p + 180. What is the highest common factor of p and i?
10
Suppose 9*q - 3 = 1302. Let s = 236 - q. What is the greatest common factor of s and 39?
13
Let c(p) = 4*p**3 + p**2 + 2*p - 2. Let n be c(1). Let m = 2046 - 2021. What is the greatest common divisor of m and n?
5
Suppose -5 = -0*t + 5*t. Let q(f) = -10*f + 2. Let p be q(t). Suppose l + p = 46. Calculate the greatest common divisor of l and 17.
17
Let s be (42/24 + 7)/(1/4). Calculate the highest common divisor of s and 1393.
7
Let u = 290 + -686. Let n = u + 408. What is the greatest common divisor of n and 300?
12
Suppose -10*l - 203280 = -164*l. Calculate the highest common divisor of 4785 and l.
165
Let x = -104 - -238. Let l be 0 + x + 2/(2/1). Suppose 26*s - 23*s = l. What is the greatest common factor of s and 9?
9
Let y = -385 + 363. Let q be (y/4)/((-2)/16). What is the greatest common factor of 32 and q?
4
Let i = 21584 - 3266. What is the greatest common divisor of 71 and i?
71
Suppose -8793 = -27*m + 2439. What is the highest common divisor of 572 and m?
52
Let t(p) = 2*p**2 - 3*p - 23. Let u be t(9). Let n(g) = -2*g + 22. Let d be n(-17). What is the highest common factor of u and d?
56
Suppose -7*f = 269 - 3587. Let g = -410 + f. Calculate the greatest common divisor of g and 40.
8
Let f be 1363 + -1386 - 99/(-6)*2. Let m(g) be the second derivative of 5*g**4/2 + g. Let v be m(1). What is the highest common factor of v and f?
10
Let d = -33 + 53. Let u(p) = -34*p + 1312. Let t be u(38). What is the highest common factor of t and d?
20
Let v = 3922 - 1892. Calculate the highest common factor of 10 and v.
10
Suppose 385*f = 63*f + 42182. What is the greatest common divisor of 15851 and f?
131
Suppose -30*j = -46*j + 35*j - 1748. Suppose 3*i - 216 = 3*n - 6, 2*i + n - 137 = 0. Calculate the highest common divisor of i and j.
23
Suppose -9*w + 7*w - 2*w = -38840. Calculate the highest common factor of 20 and w.
10
Let z(b) = b + 9. Let r be z(-5). Let s = -1635 + 1166. Let w = s + 470. What is the highest common divisor of w and r?
1
Suppose 191*u - 216 = 87*u + 102*u. What is the highest common divisor of 333 and u?
9
Suppose -4*l - 4*r + 83 - 1235 = 0, 5*r - 1430 = 5*l. Let j = 68 - l. Calculate the greatest common divisor of 142 and j.
71
Suppose 260 = 12*y + y. Let q = y + 25. What is the highest common divisor of 765 and q?
45
Let r(w) = -17*w**3 + 9*w**2 - w - 1. Let t be r(-4). What is the highest common factor of t and 285?
95
Let x(f) = -f**3 + 9*f**2 - 48*f + 244. Let y be x(5). What is the greatest common divisor of y and 481?
13
Let f = 0 - -10. Let t(q) = 2*q**3 + 40*q**2 +